162.
18
Suppose -4 = 3*i - 1. Let q(p) = -161*p - 1. Let n be q(i). Calculate the greatest common factor of 20 and n.
20
Let x = 25 - 10. Let u = 459 - 456. Calculate the highest common divisor of u and x.
3
Let p be 65/7 + ((-5)/(-7) - 1). What is the highest common factor of p and 36?
9
Suppose z = 3*z - 4. Let o be (z/5)/((-5)/(-175)). Calculate the greatest common divisor of o and 21.
7
Let q(y) = 4 + 7*y - 3*y + 4. Let l(c) = -c**2 - 7*c + 8. Let h be l(-7). Let p be q(h). What is the highest common divisor of 8 and p?
8
Suppose -24 = 2*l - 132. Suppose -c + 27 = -l. Calculate the highest common factor of c and 9.
9
Suppose 0 = 5*f - t - 175, 0*t + 2*t + 175 = 5*f. What is the highest common divisor of 5 and f?
5
Let m be -3 - -4 - 0 - -35. Suppose 3*y - m + 9 = 0. What is the highest common factor of y and 9?
9
Let f(y) = y**2 - 4*y - 7. Let i be f(9). What is the greatest common factor of 190 and i?
38
Let t = -8 - -24. Suppose 0 = -0*p - 2*p - 6. Let x = p - -5. Calculate the greatest common divisor of t and x.
2
Let h(m) be the first derivative of 2*m**3/3 - 2*m**2 - 10*m - 1. Let v be h(7). Calculate the highest common divisor of v and 12.
12
Let h(b) = -b**2 - 6*b + 8. Let d be h(-7). Suppose 2*z + 7 = 2*c - 9, -5*c + 3*z + 40 = 0. What is the greatest common factor of d and c?
1
Let v = 17 - -3. Calculate the greatest common factor of 140 and v.
20
Suppose 26 = 4*w + 2. What is the highest common divisor of w and 3?
3
Suppose 4*x - 37 = -s, -4*x + 7 = -2*s - 3*s. Calculate the highest common divisor of 8 and x.
8
Let a be (-2 - -2)/(-2) - -7. Suppose -a*u + 3*u + 360 = 0. What is the highest common divisor of u and 18?
18
Suppose 3*v - 360 = -4*j, 3*j + j + 5*v - 360 = 0. Calculate the highest common factor of j and 10.
10
Let a = -11 + 15. Suppose a*z - 5*z + 63 = 0. Calculate the highest common factor of 7 and z.
7
Let j be 2 - (-231 + -1)*-1. Let n be (-2)/(1 - (-234)/j). Let k = n - 73. Calculate the greatest common divisor of k and 6.
6
Suppose -4*h - w = 16, 28 - 8 = -5*h + w. Let n be 1/h + (-4)/(-16). Suppose 4*x + 46 - 166 = n. Calculate the highest common divisor of x and 5.
5
Let f be ((-3 + -6)/3)/(-1). Let u be 2*f*18/12. Let x be 15/((u/(-2))/(-3)). Calculate the highest common divisor of 80 and x.
10
Suppose 208 = 5*b - 2*k, 3*b - 81 = 2*k + 47. What is the greatest common divisor of b and 4?
4
Let f = 89 - -55. Suppose 4*r = -2 + 74. What is the greatest common factor of r and f?
18
Let m(r) = -5*r - 9. Let o(d) = 5*d + 10. Let u(q) = 4*m(q) + 3*o(q). Let h be u(-10). Calculate the greatest common factor of h and 11.
11
Suppose 2*q - z - 15 = 4, 0 = -q - 5*z + 15. Calculate the highest common factor of 40 and q.
10
Let s be (-2)/5 - 203/5. Let q = s - -24. Let d = 36 + q. Calculate the highest common factor of d and 209.
19
Let n = 97 - 46. Suppose k + 2 = -k. Let h be (34*-1)/(-2 - k). Calculate the highest common factor of n and h.
17
Suppose 3*u + 2*u - 54 = -2*w, 3*w - 6 = 0. Calculate the greatest common factor of u and 4.
2
Let h = -12 - -32. Let l be ((-32)/(-8))/(2/h). Calculate the highest common divisor of l and 16.
8
Suppose q + 2*i - 25 + 3 = 0, 4*i + 26 = 3*q. Let t = q + -4. What is the greatest common divisor of t and 110?
10
Let y(p) = p**3 + 12*p**2 - 12*p + 17. Let j be y(-13). Calculate the highest common divisor of j and 8.
4
Suppose -2*j + 6 = -r, -3*j + 16 = 1. Suppose 9*m = r*m + 760. What is the greatest common divisor of m and 19?
19
Let u = -1 - 0. Let p = 0 + u. Let f be 220*((-9)/15 - p). What is the greatest common factor of f and 11?
11
Let c(s) = 6 + 15*s + 0 + 2*s**2 - 6 + 13. Let g be c(-11). Suppose 5*p = -3*h + 47, 2*p - h + 0*h = 21. What is the greatest common factor of g and p?
10
Suppose -53 + 7 = -j. What is the greatest common factor of 115 and j?
23
Let w be 32 + 1*(-6)/(-3). Suppose 0 = -2*d + 22 + w. Suppose 3*x - d + 1 = 0. Calculate the greatest common factor of x and 99.
9
Let o = 82 - 66. What is the highest common divisor of o and 304?
16
Suppose -a = -4*a - 3*q + 15, 3*a + 15 = 3*q. Suppose -4*i - 3*b + 48 = a, -2*i + 5*b = -0*b + 2. What is the greatest common factor of i and 6?
3
Suppose -2*u + 8 = 34. Let z = u + 53. Suppose -10 = k + 3*n, -2*k + 15 = -4*n + 3*n. Calculate the highest common divisor of k and z.
5
Let c(n) = n**2 - 9*n + 8. Let w be c(12). What is the greatest common factor of 22 and w?
22
Let l be 19 - (0 + 4) - 3. Calculate the greatest common divisor of 12 and l.
12
Suppose p - 215 = -5*z, 3*p + 191 = z + 3*z. Calculate the highest common divisor of 11 and z.
11
Suppose 10 + 586 = 4*p. Suppose -z = -5*a - 23, -a = z - 5*z + p. Let c = z - 14. Calculate the greatest common factor of 8 and c.
8
Suppose -3*g + 4*w + 89 = 0, -3*g + w + 28 = -2*g. Calculate the greatest common divisor of 23 and g.
23
Let l(n) = 7*n**2 + 10*n - 8. Let a be l(3). Calculate the highest common divisor of a and 17.
17
Let i = -24 - -34. Calculate the greatest common factor of i and 2.
2
Let h = -3896 - -2264. Let d be 6/14 - h/112. What is the highest common divisor of d and 45?
15
Suppose -4*o = o - 90. Let g be (-326)/(-6) - (-12)/o. Calculate the highest common divisor of 22 and g.
11
Let s(v) = -v**3 + 6*v**2 - 5. Let d be s(6). Let g = d + 16. What is the greatest common factor of 11 and g?
11
Suppose -14*m + 247 = 5*m. Calculate the highest common factor of m and 52.
13
Let s be -9 + 13 - (-2 - (2 - -3)). Let c = -37 - -59. Calculate the highest common factor of s and c.
11
Let v be (109 + -1)/((-3)/(-8)). Let i = v + -176. Calculate the highest common factor of i and 14.
14
Suppose 3*m - 16 = -m, -3*d = -4*m - 32. Let v be ((-96)/30)/(1/(-5)). Calculate the highest common factor of v and d.
16
Let n(o) = -57*o + 9. Let g be n(-1). Calculate the highest common factor of 22 and g.
22
Let u = 0 - -5. Let s = -16 - -17. Suppose o - 8 = -v - s, -3*v + 26 = 4*o. Calculate the greatest common divisor of o and u.
5
Suppose -2*v + 12 = -4*d, -2*d - 41 = -4*v - 5. Let y = 18 - v. What is the greatest common divisor of 56 and y?
8
Suppose -231 = 5*d - 12*d. Calculate the highest common divisor of d and 3.
3
Suppose 2*q + 5*g - 3*g = 32, -2*q + 2*g = -28. Suppose 0 = k - 0*k - 6. What is the greatest common divisor of k and q?
3
Suppose -2*a + 295 = 1. Calculate the highest common divisor of 21 and a.
21
Suppose 0 = -4*j + 37 + 19. Calculate the greatest common factor of j and 7.
7
Suppose -2*s = 2*s - 140. Suppose -s = -5*g + 2*c, 3*g - 3*c = -8*c + 21. Calculate the highest common divisor of g and 49.
7
Suppose 5*f = z + z + 176, -5*f - 3*z = -186. What is the greatest common factor of 24 and f?
12
Let v(y) = -y**2 + 9*y - 2. Let n be v(6). What is the highest common factor of 32 and n?
16
Suppose 4*b = -3*n + 87, b - n = -13 + 40. Calculate the greatest common divisor of b and 264.
24
Suppose z = 0, i - 2*z = z + 19. Let b(s) = s + 1. Let v be b(-5). Let w = i + v. What is the greatest common divisor of 135 and w?
15
Suppose -5*d + 2*f + 144 = 0, -2*f + 0 = 4. Let g(q) = 7*q**2 + q - 1. Suppose 0*y - 3*y + 3 = 0. Let r be g(y). What is the greatest common divisor of r and d?
7
Suppose 0 = 2*c + 4 - 14. Calculate the highest common divisor of 25 and c.
5
Let q be (180/14)/(12/56). Calculate the highest common factor of 150 and q.
30
Suppose 0 = p - 1, -b = -4*p - 0 - 1. Let f(h) = 5*h**2 - 3*h - 1. Let u be f(-2). What is the greatest common factor of u and b?
5
Suppose -x - 4*r + 207 = 0, -4*x - 111 + 834 = -5*r. Let u = 11 - -6. Calculate the greatest common divisor of u and x.
17
Let h(b) = 10*b + 2. Let j be h(2). Suppose 21*r - 6 = 18*r. Calculate the greatest common factor of j and r.
2
Suppose 5*z = -i - 3*i + 40, -4*i = -20. Suppose p = -z*p + 65. Calculate the highest common divisor of 13 and p.
13
Let s be 0*(-3)/(-12)*2. Suppose q = 3*k + 26, -5*q - k + 50 = -s*q. Let u(h) = 9*h + 5. Let d be u(8). Calculate the highest common factor of q and d.
11
Let p be 24/(-10) + (-8)/(-20). Suppose -4*x = 12 - 0. Let j be (p/x)/((-10)/(-165)). What is the highest common factor of j and 44?
11
Suppose 2*n = 17 + 3. Suppose -2*z - n = -0*z, -3*d + 64 = 4*z. Calculate the highest common divisor of d and 4.
4
Suppose 0 = -3*x + 2*x - d + 2, -2*x + 9 = 3*d. Let z be 2/(x + 0